e o*c = 21*c - 105. What is the tens digit of c?
2
Suppose 3 = 3*p, 3*h + 4*p - 4 - 15 = 0. Suppose -3*w + h*w = 170. What is the units digit of w?
5
Suppose 225*m - 2140 = 224*m. What is the hundreds digit of m?
1
What is the hundreds digit of (24 + -5)*(6 - -1)?
1
Let a = 2341 - 2032. What is the hundreds digit of a?
3
Suppose 499 = w - 5*q - 52, -3*q + 2089 = 4*w. What is the tens digit of w?
2
Let h = -5 + 8. Suppose 0 = y - 5*b - 12, h*y - 8*y = 4*b - 60. What is the units digit of y?
2
Let y(n) = 8*n - 16. Let o(w) = -2*w - 12. Let s be o(-10). What is the tens digit of y(s)?
4
Let u(h) = 577*h**2 + 9*h - 8. What is the hundreds digit of u(1)?
5
Let h = -78 - -418. What is the units digit of h?
0
Let k(u) be the first derivative of -u**4/4 - 11*u**3/3 + u**2/2 - 23*u - 51. What is the units digit of k(-12)?
9
Let p(g) = 101*g**2 - 2*g + 7. Let h(x) = 102*x**2 - 3*x + 8. Let b(o) = -5*h(o) + 6*p(o). What is the units digit of b(-1)?
5
Let m(y) = -10*y - 9. Let x(n) = n + 1. Let k(v) = -2*m(v) - 22*x(v). Let b be k(-7). Let d = b + 34. What is the tens digit of d?
4
Let w(v) be the first derivative of -v**2/2 + 4*v - 4. What is the units digit of w(2)?
2
Suppose -15*d + 4050 = 900. Suppose -293 = -2*o + 2*i + 107, o - 3*i = d. What is the units digit of o?
5
What is the hundreds digit of 364 + -4 + (4 + -2 - -1)?
3
Let q be 5 + 3 + 0/1. Suppose 7*i + 1 = q*i. What is the units digit of i?
1
Suppose -3 = -2*j + 3*m + 3, 0 = 3*j + m - 9. Suppose -j*b + 4*b = 0. Suppose b = 8*u - 162 - 238. What is the tens digit of u?
5
Let d(v) = -v**3 + 10*v**2 - 6*v - 1. Let a be d(7). Let x = 100 - 64. Suppose -x = -4*l + a. What is the units digit of l?
5
Let a(p) = 38*p - 80. What is the tens digit of a(13)?
1
Suppose 5*g - 6*g = -56. Suppose 3*r - 117 = 3*f, r + r - 2 = 0. Let u = f + g. What is the units digit of u?
8
Suppose 0 = 3*q - 3116 - 466. What is the units digit of q?
4
Suppose 29*o - 31*o + 8 = 0. Suppose -o*q + 113 = -291. What is the units digit of q?
1
Suppose -3*x + 68 = -2*x. What is the tens digit of x/(-6)*(-9)/3?
3
Suppose 0 = -6*o + 3*o + 12. Suppose 0 = -3*a + 6, 0*a + 320 = 4*z + o*a. What is the units digit of z?
8
Suppose -2*t - w = -2189, 4*t - 3*w + 4*w = 4375. What is the units digit of t?
3
Let q be (-74)/9 - (-2)/9. What is the units digit of 743/13 - q/(-52)?
7
Let r = 8 - 3. Suppose -2*k = r + 53. Let a = k - -43. What is the tens digit of a?
1
Suppose -2*q - 3*p = -5*q + 318, 4*q - 5*p = 420. What is the units digit of q?
0
Let q(r) be the first derivative of r**3/3 + 13*r**2/2 - 9*r + 22. What is the tens digit of q(8)?
5
Let l be 1 + (-3)/(12/(-40)). Suppose 2*g = 4*z - 10, 3*z - l = 2*g + 3*g. What is the units digit of (-5 + 2)*g - 2?
1
Let s be 3 + (-2 - -2) + 1. Suppose r - 5*f = -1 - 4, s*f + 8 = 0. Let u = r + 36. What is the units digit of u?
1
Suppose 12 = 51*g - 47*g. Let a(d) = 69*d + 27. What is the hundreds digit of a(g)?
2
Let k(a) = a - 22. Let g(n) be the second derivative of -n**3/3 + 43*n**2/2 + 3*n. Let o(w) = 4*g(w) + 7*k(w). What is the tens digit of o(0)?
1
Let a(f) = -f**2 - 16*f + 12. Let x be a(-6). Suppose x + 72 = 3*w. What is the units digit of w?
8
Let i be 8/28 - (-808)/14. Let g be 2*(-3 - 148/(-8)). Let b = i - g. What is the tens digit of b?
2
Suppose -5*s + 7*s = 10. Suppose p - s = -2. Suppose -l = -2*i + 17, -3*i + 23 + 7 = p*l. What is the units digit of i?
9
Let v(x) = -x**2 + 32*x - 108. What is the hundreds digit of v(16)?
1
Suppose d + 2*d = 4*b - 7, b - 3*d = 4. Suppose -2*h - b = -7. Suppose 0*g + h*k - 40 = -g, 189 = 5*g + 4*k. What is the units digit of g?
7
Let v = 66 + -57. Suppose 4*p = 4*f - 128, 4*f + p + 156 = v*f. What is the units digit of f?
1
Let l = -110 + 164. Suppose g + 6*w + 13 = 2*w, 4*g - 2*w - 20 = 0. Suppose -25 = -4*b - k + l, -g*b - 5*k + 38 = 0. What is the units digit of b?
1
Suppose -3 = g - 5. Suppose -154 = -g*y - 5*y. What is the tens digit of y?
2
Let n(a) = a**3 + 17*a**2 + a + 4. What is the units digit of n(-15)?
9
Suppose -2*o = o - 48. Let s be 0 - -1*26 - 1. Let v = s - o. What is the units digit of v?
9
Let y(q) = 5*q**2 - 27*q - 101. What is the tens digit of y(-20)?
3
Suppose -10*r = -0*r + 170. What is the units digit of (r - -18)/((-1)/(85/(-1)))?
5
Suppose -5*m + 21115 = a, -21095 = 141*m - 146*m - 5*a. What is the tens digit of m?
2
Let b be (-10)/25*(-25)/(-10). What is the units digit of 55 + 2/b + 0?
3
Let t(q) = -17*q - 2. Suppose 2 - 5 = v. Let o be 1/((-40)/12 - v). What is the units digit of t(o)?
9
What is the hundreds digit of -363*(1 + 1 - (4 + -1))?
3
Let h(x) = x**3 - 3*x**2 - 4*x. Let p be h(4). Suppose 0 = 8*a - p - 344. What is the tens digit of a?
4
Let q be ((-4)/(-8))/((-2)/(-20)). Suppose -q*a - l = 195, -2*l + 0*l = -4*a - 156. Let u = a + 59. What is the units digit of u?
0
Let u(o) = -o**2 + 30. Let x be (0/(-2))/(-6 - -5). Let f be u(x). Let r = -7 + f. What is the units digit of r?
3
Let q(o) = o**2 + 7*o - 6. Let j be q(-7). Let f be 1*j*(-8)/12. Suppose f*u = -25 + 9, 0 = 3*k - 4*u - 61. What is the tens digit of k?
1
Let n(s) = 2*s**3 - s**2 - 6*s - 14. Let m be n(8). What is the units digit of (-4)/14 + m/7?
8
Let k(f) = -f**3 + 16*f**2 + 2*f - 46. What is the tens digit of k(15)?
0
Let g = 71 - 70. Let u = -123 - -241. What is the units digit of u/8 + g/4?
5
Let b(y) = -y**2 - 28*y - 80. Let o be b(-24). Suppose 4*h + 421 = 5*l + 1717, l + 5*h = -265. What is the tens digit of 6/8 - l/o?
1
Let t(i) = i**3 + 9*i**2 + 11*i + 6. Let h be t(-8). Let f(k) = -7*k - 70. What is the tens digit of f(h)?
5
Let p(r) = 7*r - 35. What is the tens digit of p(26)?
4
Let f(o) = o**2 - 6*o - 2. Let p be 2/(-5) - (-32)/5. Let s be f(p). What is the units digit of (4 - 0)/((-1)/s)?
8
Let z = -37 + 146. Let j = 171 - z. What is the tens digit of j?
6
Suppose 3*g = 3*v - 3, 2 = -4*v + 3*v. What is the tens digit of ((-22)/g)/(-5*(-2)/15)?
1
Suppose 0 = 7*u - 2*u + 2*g - 336, 2*u + 2*g = 132. What is the units digit of u?
8
Let n(r) = 258*r + 29. What is the tens digit of n(4)?
6
Let j be 10/30 - (-16)/6. What is the units digit of 6/(-24)*j + 94/8?
1
Suppose 6*s - 227 = 1849. What is the hundreds digit of s?
3
Let f(m) = 11*m**3 - 9*m**2 - 23*m + 35. Let b(r) = -5*r**3 + 5*r**2 + 11*r - 18. Let h(v) = 9*b(v) + 4*f(v). What is the tens digit of h(9)?
4
Let l = 10 + 5. Suppose 3*o - l = -0. Suppose n - o*z + 3 = -3*n, 3 = z. What is the units digit of n?
3
Suppose -5*q + 3*p = -957, 2*q + 0*p = -3*p + 387. What is the tens digit of q?
9
Let i be 1 + -6*(4 + -3). Let o(v) = -4*v**3 - 2*v**2 + 309 - 314 + 6*v + 9*v**2 + 5*v**3. What is the units digit of o(i)?
5
Suppose -4 + 0 = -4*s. Let i be (-16)/(3 + s)*-1. Suppose -21 = i*y - 129. What is the tens digit of y?
2
Suppose -7*s = -8*s + 36. Suppose t - s = 7*t. Let a(w) = w**3 + 9*w**2 + 8*w - 6. What is the tens digit of a(t)?
5
Suppose -5*q + s = -11832, 2*q - 10*s = -12*s + 4728. What is the tens digit of q?
6
Let c be ((-4235)/20)/((-1)/4). Let f be c/21 + (-2)/(-3). Suppose 0 = 2*p + 5 - f. What is the tens digit of p?
1
Let s be 60/2*(-20)/(-50). Suppose i = r - 2*i - s, 0 = r + 5*i - 52. What is the units digit of (45/r)/(1/36)?
0
Suppose -w - w = -8. Suppose 4*a = 2*a + 3*m + 117, -223 = -w*a - 5*m. What is the units digit of a?
7
Let s(m) = 27*m + 170. What is the units digit of s(10)?
0
Suppose 0 = -b - 4 - 0. Let k be 1 - b/(-8)*-4. Suppose k*s = 15 + 18. What is the tens digit of s?
1
Suppose 2*s = 2*m - 3*m + 11, 0 = 5*s + 3*m - 30. Suppose s*w + 20 = 7*w. Suppose -j = -1, -j + 19 = -w*b + 143. What is the units digit of b?
5
Let a(o) = -o**3 + 19*o**2 + 9*o + 41. What is the hundreds digit of a(19)?
2
Suppose 4*z + 531 = -v + 4007, -3*z - 4*v + 2620 = 0. What is the units digit of z?
8
Let c = 10 + -10. Suppose c = -y - 1, 3*y = 6*l - 2*l - 3. Suppose -4*o + 39 = a, -5*o + l*o + 30 = -5*a. What is the units digit of o?
9
Let k(z) be the third derivative of -z**4/12 + 5*z**3/6 + 4*z**2. What is the tens digit of k(-7)?
1
Let d = -46 + 253. Suppose -40*r + 37*r + d = 0. What is the units digit of r?
9
Let m = -4 + 8. Suppose -3*s + 103 = m*k, -5*s + 2*k + 2*k + 193 = 0. What is the tens digit of s?
3
Suppose -2*x + 4*x = 4. Let w(j) = -7 - 2*j**x - 10*j + j**2 + 